-12 - 5, -x - y*r = -28. What is the units digit of x?
8
Suppose -5*h + 86 = 16. Suppose h + 12 = 2*g. What is the units digit of g?
3
Let u = -10 - -12. Suppose 2*w - 68 = -u*w. What is the tens digit of w?
1
Let g = 202 - 68. What is the hundreds digit of g?
1
Let x(z) = -3*z**3 - z + 2. What is the tens digit of x(-2)?
2
What is the tens digit of (-6)/18 - 7/(63/(-246))?
2
Let q = 11 - -2. Suppose q = 5*a - 4*z, 2*a + 2*z + 9 = 5*a. What is the units digit of a?
5
Let t(q) be the second derivative of q**5/20 + 11*q**4/12 - 8*q**3/3 - 15*q**2/2 - 8*q. What is the units digit of t(-12)?
3
Suppose -23 = -2*m + n, 3*m = 2*m - 5*n + 6. What is the units digit of m?
1
What is the tens digit of (-30)/(-21)*(2 - -75)?
1
What is the hundreds digit of (-1008 - 3)*(-1)/3?
3
Let x be 2/6 + (-11)/(-3). Suppose 5*o = -a + 17, x*a + 3 = 5*o - 4. What is the units digit of o?
3
Suppose 3*j - 910 = -7*j. What is the tens digit of j?
9
Let g = -32 + 49. Suppose y - 9 = g. What is the tens digit of y?
2
Let s(i) = -i**3 - 5*i**2 + 8. What is the units digit of s(-6)?
4
Let a(v) = -v**2 - 4*v + 7. Let g be a(-6). Suppose 2*p - 4*p = 18. Let r = g - p. What is the units digit of r?
4
Suppose k + 118 = 4*f, 6*k - k = f - 39. What is the tens digit of f?
2
Suppose 2*u + 32 = 6*u. Let n be (10/u)/(1/4). Suppose 0*h - 30 = -n*h. What is the units digit of h?
6
Let v be 0*((3 - 1) + -3). Suppose v*j = j. Suppose 4*p - 2*d - 76 = 0, j = 2*p - 0*p - 3*d - 46. What is the units digit of p?
7
Suppose 2*l - 582 = -0*l. What is the units digit of l?
1
Let z(i) = -10*i**3 + i**2 - 2*i + 1. Let k be z(1). Let u be 2/5 - k/(-25). Suppose u = 2*w + w - 18. What is the units digit of w?
6
Let o = 34 + -6. What is the tens digit of o?
2
Let z(r) = 3*r + 1. Let b be z(-2). Let w = b - -2. What is the tens digit of 1 - (w + 42)/(-3)?
1
Let c = -18 - -24. Suppose b = -2*s + 7, -1 = 3*b - 5*s - 0. Let p = c + b. What is the units digit of p?
9
Let n = -5 + 16. What is the tens digit of n?
1
Let z be (2 - 1)*(6 - 6). Suppose s - 16 = -z*s. What is the units digit of s?
6
Suppose h - 45 = 90. Suppose -h = -3*f - 48. What is the units digit of f?
9
Suppose 3*b + 15 = u - 5, -4*u - 4*b + 32 = 0. Let n = 6 - u. Let x(v) = v**3 + 5*v**2 - 3*v - 7. What is the units digit of x(n)?
8
Suppose 0 = 4*f + 5*r - 186 - 110, 325 = 5*f - 5*r. What is the tens digit of f?
6
Let n = 2 - 21. Let x = -6 - n. What is the units digit of x?
3
Let d = -5 - -5. Suppose d*y = -2*y + 70. Suppose 0 = 3*z + 2*z - 2*o - 37, -3*z - 2*o = -y. What is the units digit of z?
9
Suppose p + 83 = 5*f, 7*f - 2*f - 5*p - 75 = 0. Suppose 0 = -2*t + 5*q - 18, t + 5*q = q + f. What is the units digit of t?
1
Suppose 0 = -5*f + 5 + 10. Suppose f*a = 2*y + 77, -97 + 9 = -4*a - y. What is the units digit of a?
3
Suppose 0 = -c + 2*s - 1 - 0, 4*c - 32 = -4*s. Let w = -3 - -5. Suppose w*i = c + 1. What is the units digit of i?
3
Let q(t) = -t**3 + 4*t**2 - t - 3. Let y be q(3). Let v = y + -1. What is the units digit of v?
2
Let v = 26 + -36. Let s(j) = -j - 3. What is the units digit of s(v)?
7
Suppose -5*j = -8*j + 297. What is the tens digit of j?
9
Suppose 2*d - d - 112 = 0. What is the units digit of d?
2
Let b(i) = -i**2 + 8*i - 3. Let d be b(8). What is the units digit of (-1 - -2) + d + 3?
1
Suppose 0 = 5*q + k - 576, q = 6*q + 3*k - 568. What is the units digit of q?
6
Let y be (-3*1)/(7 + -6). Let o be y - (-5 - 6/(-3)). Suppose -2*g + 8 = 3*g - 4*w, o = -g - 4*w + 16. What is the units digit of g?
4
Let v(x) = -x**2 + 7*x + 1. Let d be v(4). Let i = d + -8. Suppose -2*u - 42 = -i*u. What is the tens digit of u?
1
Let m be (-2 + 4)*-1 - 5. What is the tens digit of m*(-3)/((-9)/(-12))?
2
Let a = 3 - -1. Suppose 0 = a*p - p - 36. What is the tens digit of p?
1
Suppose -4*t = 3*m - 144 + 31, -4*t - 4*m + 116 = 0. What is the units digit of t?
6
What is the tens digit of (193 - 3)*2/4?
9
Let r(w) = w**2 + 5*w + 6. Let j be r(-5). Let d = 10 - j. What is the units digit of (-12)/(1 - d) - 0?
4
Let v(f) = -f**3 - 4*f**2 + 3*f + 7. Let s be (6 + -1)/(1/(-1)). What is the tens digit of v(s)?
1
Let m(n) = 6*n**2 + 9*n + 1. Let u(d) = -7*d**2 - 8*d - 2. Let a(k) = -6*m(k) - 5*u(k). What is the units digit of a(-13)?
7
What is the tens digit of ((-81)/15)/((-3)/15)?
2
Suppose 0 = 2*i - 39 + 7. Let j(m) = m + 15. What is the units digit of j(i)?
1
Let s(m) be the first derivative of -m**3/3 - 7*m**2/2 + 7*m - 2. Let y be s(-8). What is the units digit of 4*(2 + y) + 2?
6
Suppose 2*k = -3*c - c + 38, -3*c + 27 = 2*k. Let n = c - 6. Suppose 19 = 3*w + 3*f + 1, f + 54 = n*w. What is the units digit of w?
0
Suppose -l + 0*l = 0. Suppose l - 3 = -h. Let z = h - 2. What is the units digit of z?
1
Let q be 0/(2 + -4*1). Suppose -72 = -4*y - v, q = 4*y + 6*v - 3*v - 80. Suppose 4*f + 5 - y = 0. What is the units digit of f?
3
Let v = 47 + 28. What is the tens digit of v?
7
Let y be 3/(-9) - 146/(-6). Let w = 7 - y. Let o = 24 + w. What is the units digit of o?
7
Let j(u) = 2*u + 12. Let k(r) = 2*r + 11. Let p(l) = -4*j(l) + 5*k(l). What is the units digit of p(8)?
3
Let n(r) = r**2 - 13*r + 16. Let l be n(11). Let c be l/2 - 116/(-4). Suppose -5*j + 5*v = -60, 5*v - 2*v = 2*j - c. What is the units digit of j?
0
Suppose -6*k = -3*k + 12. Let s = k + 7. Suppose r - s = 4. What is the units digit of r?
7
Let q = 90 + -137. Let y = q - -75. Suppose -k + y = 3*k. What is the units digit of k?
7
Let u = -37 - -74. Suppose 3*f + z + u = 0, 0*f + 5*f - 2*z + 80 = 0. What is the units digit of (0 - (-2)/(-4))*f?
7
Suppose -11*b - 254 = -1222. What is the units digit of b?
8
Let z = -2 + -2. Let q(g) = g**2 + 6*g + 4. Let m be q(z). What is the units digit of m/6 - (-140)/12?
1
Suppose 3 = 3*s - 6. Let o = 46 - 32. Suppose -4*v = r - 0*r - 22, -4*v = -s*r - o. What is the units digit of r?
2
Suppose -3*m + 1 = -2*m. Suppose 0 = 3*o - 4 + m. Suppose -5 = 3*v - 2*k, 5*v = 2*k + o - 4. What is the units digit of v?
1
Suppose 0 = -t - 4*r + 18, 4*t - 8 = 2*t - r. What is the units digit of t?
2
Suppose 4*f = 5*g - 4, -f = f - 2*g. Let x = 1 + f. Suppose x*t + 25 = 0, -4*p + 3*t = -3*p - 16. What is the units digit of p?
1
Let c(l) = -3*l**3 - 15*l**2 + 4*l + 5. What is the hundreds digit of c(-7)?
2
Suppose -5*r + 3*z + 140 = 0, 3*z + 5 = 2*z. What is the tens digit of r?
2
Let w(p) = 11*p**2 - 2*p - 1. Suppose 2*b = -23 + 7. Let a = b - -7. What is the units digit of w(a)?
2
Let i(a) = 2*a**2 - a + 1. Suppose -5*g - 4*f = -21, 2*g = -2*g + f. What is the units digit of i(g)?
2
Let v(i) = 135*i + 7. What is the hundreds digit of v(2)?
2
Suppose 4*f + 2*y - 44 = 0, -2*f - 3*y - y = -16. What is the units digit of f?
2
What is the units digit of (-758)/(-12) - (-1)/(-6)?
3
What is the units digit of 92*5/30*3?
6
Let y be 424/(-7) + 8/14. Let s = -20 - y. What is the units digit of s?
0
What is the units digit of 20/(-2)*(-10 + 8)?
0
Let m(x) = 5*x - 1. Let f be m(6). Let z = 48 - f. What is the units digit of z?
9
Let b = 76 + -63. What is the tens digit of b?
1
Let b = -2 + 7. Suppose 9 = -4*w + w, 3*i - 21 = b*w. What is the units digit of i?
2
Let z(s) = -5*s - 4. Suppose -c = -4*w - 5, -2*w - 25 = 5*c + 3*w. What is the tens digit of z(c)?
1
Suppose -i = -2*n - 2*n + 321, -227 = -3*n - 2*i. What is the units digit of n?
9
Let r(f) = -f**3 - 8*f**2 - 6*f + 3. Let v be r(-7). Let l = v + 12. What is the units digit of l?
8
Let f be (-52)/(-14) - 6/(-21). What is the units digit of f/(-22) - (-228)/44?
5
Suppose 2*g + 17 = 5*s, -5*s + 3 = 2*g - 30. Suppose 3*m - g*n - 137 = 0, -2*m - n + 5*n = -86. What is the tens digit of m?
5
Let c(s) = -s. Let q be c(-1). Let a(g) = 7*g**3 - 1. What is the units digit of a(q)?
6
Suppose 4*x + 3*y = -4 + 19, 4*x = 2*y + 30. Let m be (-4)/x - 56/(-3). What is the tens digit of (m/(-15))/((-6)/80)?
1
Let t be (-94)/(-4 + (-2 - -5)). Suppose -5*y + 325 = f + t, 0 = -5*y + 5*f + 225. Suppose -3*u + y = -a, -2*a = u - 2*u + 22. What is the units digit of u?
4
Suppose -5*f + f - 120 = 0. Let r = -18 - f. What is the tens digit of r?
1
Suppose 9 = w + 2*j, -16 = 5*w - j - 50. Let b be (-3)/(-1 + -2) - w. Let s(z) = -z**2 - 7*z. What is the units digit of s(b)?
6
Let p(x) = 5*x**2 - 2*x - 5. What is the units digit of